4139
List the prime factors of 501664.
2, 61, 257
List the prime factors of 1889778.
2, 3, 11, 19, 137
List the prime factors of 124816.
2, 29, 269
List the prime factors of 19909580.
2, 5, 79, 12601
What are the prime factors of 2979553?
149, 19997
What are the prime factors of 810341?
7, 115763
What are the prime factors of 197848?
2, 7, 3533
List the prime factors of 157835.
5, 31567
What are the prime factors of 1512214?
2, 11, 68737
List the prime factors of 5009.
5009
List the prime factors of 602749.
7, 12301
List the prime factors of 394975.
5, 7, 37, 61
What are the prime factors of 16485?
3, 5, 7, 157
List the prime factors of 2361086.
2, 7, 13, 12973
List the prime factors of 11063677.
229, 48313
List the prime factors of 1484683.
31, 47, 1019
What are the prime factors of 134588?
2, 33647
What are the prime factors of 31417641?
3, 127, 27487
What are the prime factors of 7340349?
3, 787, 3109
List the prime factors of 3525913.
89, 173, 229
What are the prime factors of 1210802?
2, 605401
What are the prime factors of 18984431?
31, 612401
List the prime factors of 586154.
2, 37, 89
What are the prime factors of 1916089?
7, 273727
What are the prime factors of 200810?
2, 5, 43, 467
List the prime factors of 3607166.
2, 1803583
What are the prime factors of 419184?
2, 3, 41, 71
List the prime factors of 296280.
2, 3, 5, 823
List the prime factors of 25497908.
2, 6374477
What are the prime factors of 92278?
2, 29, 37, 43
What are the prime factors of 12740552?
2, 11, 144779
What are the prime factors of 27073?
27073
List the prime factors of 103641.
3, 179, 193
What are the prime factors of 126597?
3, 19, 2221
List the prime factors of 770263.
13, 193, 307
What are the prime factors of 441138?
2, 3, 73523
What are the prime factors of 402732?
2, 3, 11, 113
What are the prime factors of 12383025?
3, 5, 41, 4027
What are the prime factors of 426706?
2, 7, 29, 1051
List the prime factors of 720266.
2, 149, 2417
List the prime factors of 1124869.
1124869
What are the prime factors of 6952735?
5, 1390547
List the prime factors of 15865446.
2, 3, 23, 114967
What are the prime factors of 27468208?
2, 37, 46399
What are the prime factors of 7111469?
43, 165383
List the prime factors of 6768054.
2, 3, 376003
What are the prime factors of 8790097?
439, 20023
List the prime factors of 4434642.
2, 3, 41, 2003
List the prime factors of 233810.
2, 5, 103, 227
List the prime factors of 874075.
5, 34963
What are the prime factors of 522957?
3, 29, 6011
List the prime factors of 1713607.
7, 229, 1069
List the prime factors of 2993604.
2, 3, 89, 2803
List the prime factors of 1713896.
2, 214237
What are the prime factors of 3459283?
3459283
What are the prime factors of 21881?
21881
List the prime factors of 9558438.
2, 3, 101, 15773
List the prime factors of 11610638.
2, 13, 34351
List the prime factors of 6357.
3, 13, 163
What are the prime factors of 30967?
173, 179
List the prime factors of 21715729.
7, 257, 12071
What are the prime factors of 22642554?
2, 3, 11, 53, 6473
List the prime factors of 2461024.
2, 76907
What are the prime factors of 62850?
2, 3, 5, 419
What are the prime factors of 2481005?
5, 271, 1831
List the prime factors of 23562950.
2, 5, 471259
List the prime factors of 135303.
3, 7, 17, 379
What are the prime factors of 5686087?
11, 107, 4831
What are the prime factors of 9343844?
2, 571, 4091
List the prime factors of 30747678.
2, 3, 13, 394201
What are the prime factors of 3138682?
2, 59, 67, 397
List the prime factors of 2909563.
2909563
List the prime factors of 25499845.
5, 7, 29, 37, 97
What are the prime factors of 10783098?
2, 3, 199687
What are the prime factors of 195986?
2, 7, 13999
What are the prime factors of 85099?
7, 12157
List the prime factors of 354994.
2, 17, 53, 197
List the prime factors of 10086807.
3, 1063, 3163
List the prime factors of 2291103.
3, 193, 1319
List the prime factors of 6443994.
2, 3, 37, 29027
List the prime factors of 3179691.
3, 47, 7517
List the prime factors of 12292498.
2, 6146249
What are the prime factors of 11167810?
2, 5, 17, 179, 367
What are the prime factors of 832752?
2, 3, 5783
List the prime factors of 87587.
87587
What are the prime factors of 419034?
2, 3, 7, 11, 907
What are the prime factors of 1484460?
2, 3, 5, 2749
List the prime factors of 1690217.
1690217
What are the prime factors of 121195?
5, 24239
What are the prime factors of 8344707?
3, 7, 157, 2531
List the prime factors of 3944772.
2, 3, 13, 8429
What are the prime factors of 123097?
13, 17, 557
What are the prime factors of 2165217?
3, 721739
What are the prime factors of 1336912?
2, 83557
What are the prime factors of 1386036?
2, 3, 38501
What are the prime factors of 1636455?
3, 5, 109097
List the prime factors of 2917121.
433, 6737
What are the prime factors of 5874697?
137, 313
What are the prime factors of 2307055?
5, 461411
List the prime factors of 1370878.
2, 433, 1583
What are the prime factors of 33031483?
331, 99793
What are the prime factors of 2743309?
167, 16427
List the prime factors of 490176.
2, 3, 23, 37
What are the prime factors of 246188?
2, 61547
What are the prime factors of 19124060?
2, 5, 503, 1901
List the prime factors of 32939.
32939
List the prime factors of 230274.
2, 3, 11, 1163
What are the prime factors of 323312?
2, 11, 167
What are the prime factors of 11677025?
5, 467081
List the prime factors of 20427298.
2, 73, 181, 773
List the prime factors of 20666406.
2, 3, 3444401
List the prime factors of 110073.
3, 36691
List the prime factors of 20607.
3, 6869
What are the prime factors of 11725506?
2, 3, 13, 16703
What are the prime factors of 4884372?
2, 3, 17, 23, 347
List the prime factors of 3838724.
2, 959681
List the prime factors of 212297.
212297
List the prime factors of 934924.
2, 47, 4973
List the prime factors of 8333.
13, 641
What are the prime factors of 974945?
5, 194989
List the prime factors of 494324.
2, 123581
List the prime factors of 5566294.
2, 677, 4111
What are the prime factors of 184713?
3, 23, 2677
List the prime factors of 214302.
2, 3, 11, 17, 191
List the prime factors of 327855.
3, 5, 11, 1987
List the prime factors of 1115716.
2, 7, 39847
What are the prime factors of 33192661?
31, 443, 2417
What are the prime factors of 541514?
2, 73, 3709
What are the prime factors of 2493719?
2493719
What are the prime factors of 42227?
42227
List the prime factors of 416135.
5, 83227
List the prime factors of 19300960.
2, 5, 7, 19, 907
What are the prime factors of 4079694?
2, 3, 17, 23, 37, 47
What are the prime factors of 348570?
2, 3, 5, 1291
List the prime factors of 219071.
219071
List the prime factors of 3317436.
2, 3, 3413
What are the prime factors of 1807755?
3, 5, 19, 6343
List the prime factors of 185578.
2, 92789
List the prime factors of 135032.
2, 16879
What are the prime factors of 146316?
2, 3, 89, 137
What are the prime factors of 2082322?
2, 11, 94651
List the prime factors of 5850383.
7, 11, 75979
List the prime factors of 695785.
5, 37, 3761
List the prime factors of 458.
2, 229
What are the prime factors of 19084122?
2, 3, 1060229
What are the prime factors of 417550?
2, 5, 7, 1193
List the prime factors of 1110387.
3, 359, 1031
What are the prime factors of 78190?
2, 5, 7, 1117
What are the prime factors of 113971?
11, 13, 797
List the prime factors of 1513480.
2, 5, 157, 241
What are the prime factors of 5473494?
2, 3, 13, 23, 113
What are the prime factors of 188420?
2, 5, 9421
List the prime factors of 733748.
2, 183437
List the prime factors of 5683496.
2, 7, 13, 37, 211
List the prime factors of 663908.
2, 7, 131, 181
What are the prime factors of 2404649?
13, 109, 1697
What are the prime factors of 487163?
23, 59, 359
What are the prime factors of 1381034?
2, 19, 36343
What are the prime factors of 174725?
5, 29, 241
List the prime factors of 843256.
2, 105407
What are the prime factors of 31347141?
3, 7, 139, 10739
What are the prime factors of 4595959?
83, 55373
List the prime factors of 1566427.
1566427
What are the prime factors of 5216997?
3, 823, 2113
What are the prime factors of 4862831?
4862831
List the prime factors of 687610.
2, 5, 7, 11, 19, 47
What are the prime factors of 7836706?
2, 3918353
List the prime factors